{"id":3100,"date":"2023-01-16T15:19:05","date_gmt":"2023-01-16T15:19:05","guid":{"rendered":"http:\/\/ashms.tn\/?page_id=3100"},"modified":"2023-01-17T10:15:13","modified_gmt":"2023-01-17T10:15:13","slug":"therapie-artistique","status":"publish","type":"page","link":"https:\/\/ashms.net\/?page_id=3100","title":{"rendered":"Th\u00e9rapie artistique"},"content":{"rendered":"\t\t<div data-elementor-type=\"wp-page\" data-elementor-id=\"3100\" class=\"elementor elementor-3100\">\n\t\t\t\t\t\t<section class=\"elementor-section elementor-top-section elementor-element elementor-element-945b7eb elementor-section-boxed elementor-section-height-default elementor-section-height-default elementor-invisible\" data-id=\"945b7eb\" data-element_type=\"section\" data-settings=\"{&quot;animation&quot;:&quot;fadeInLeft&quot;}\">\n\t\t\t\t\t\t<div class=\"elementor-container elementor-column-gap-default\">\n\t\t\t\t\t<div class=\"elementor-column elementor-col-100 elementor-top-column elementor-element elementor-element-5d8edfc\" data-id=\"5d8edfc\" data-element_type=\"column\">\n\t\t\t<div class=\"elementor-widget-wrap elementor-element-populated\">\n\t\t\t\t\t\t<div class=\"elementor-element elementor-element-3220d5f elementor-widget elementor-widget-cz_title\" data-id=\"3220d5f\" data-element_type=\"widget\" data-widget_type=\"cz_title.default\">\n\t\t\t\t<div class=\"elementor-widget-container\">\n\t\t\t\t\n\t\t<div>\n\t\t\t<div class=\"cz_title clr cz_mobile_text_center cz_title_pos_center\"><div class=\"cz_title_content\"><div class=\"cz_wpe_content\"><strong><span style=\"font-size: 22px; color: #002699;\">Th\u00e9rapie aristique <\/span> <\/strong><\/div><\/div><\/div>\n\t\t<\/div>\n\t\t\n\t\t\t\t<\/div>\n\t\t\t\t<\/div>\n\t\t\t\t<div class=\"elementor-element elementor-element-905079e elementor-widget elementor-widget-cz_stylish_list\" data-id=\"905079e\" data-element_type=\"widget\" data-widget_type=\"cz_stylish_list.default\">\n\t\t\t\t<div class=\"elementor-widget-container\">\n\t\t\t<ul class=\"cz_stylish_list clr cz_sl_icon_hover_blur\"><li class=\"elementor-repeater-item-11e7155 clr\"><div class=\"cz_sl_icon\"><i class=\"mr10 fa czico-074-tick-inside-circle\"><\/i><\/div><div><span>Art plastique <\/span><\/div><\/li><\/ul>\t\t<\/div>\n\t\t\t\t<\/div>\n\t\t\t\t<div class=\"elementor-element elementor-element-a56ff25 elementor-widget elementor-widget-cz_title\" data-id=\"a56ff25\" data-element_type=\"widget\" data-widget_type=\"cz_title.default\">\n\t\t\t\t<div class=\"elementor-widget-container\">\n\t\t\t\t\n\t\t<div>\n\t\t\t<div class=\"cz_title clr cz_mobile_text_center cz_title_pos_inline\"><div class=\"cz_title_content\"><div class=\"cz_wpe_content\"><p style=\"font-size: 17px;\" align=\"justify\"><span style=\"vertical-align: inherit;\">L'art th\u00e9rapie plastique est une m\u00e9thode psychologique artistique qui utilise par le peinture, dessin, collage, forme suivant les ateliers diff\u00e9r\u00e9s. Il permet de r\u00e9duire le stresse de retrouver confiance de soi et exprimer les sentiments \u00e9ventullement losque ne peut pas r\u00e9gir <\/span><\/p><\/div><\/div><\/div>\n\t\t<\/div>\n\t\t\n\t\t\t\t<\/div>\n\t\t\t\t<\/div>\n\t\t\t\t<div class=\"elementor-element elementor-element-2c9c89d elementor-widget elementor-widget-cz_stylish_list\" data-id=\"2c9c89d\" data-element_type=\"widget\" data-widget_type=\"cz_stylish_list.default\">\n\t\t\t\t<div class=\"elementor-widget-container\">\n\t\t\t<ul class=\"cz_stylish_list clr cz_sl_icon_hover_blur\"><li class=\"elementor-repeater-item-11e7155 clr\"><div class=\"cz_sl_icon\"><i class=\"mr10 fa czico-074-tick-inside-circle\"><\/i><\/div><div><span>Musico th\u00e9rapie <\/span><\/div><\/li><\/ul>\t\t<\/div>\n\t\t\t\t<\/div>\n\t\t\t\t<div class=\"elementor-element elementor-element-7f9419a elementor-widget elementor-widget-cz_title\" data-id=\"7f9419a\" data-element_type=\"widget\" data-widget_type=\"cz_title.default\">\n\t\t\t\t<div class=\"elementor-widget-container\">\n\t\t\t\t\n\t\t<div>\n\t\t\t<div class=\"cz_title clr cz_mobile_text_center cz_title_pos_inline\"><div class=\"cz_title_content\"><div class=\"cz_wpe_content\"><p style=\"font-size: 17px;\" align=\"justify\"><span style=\"vertical-align: inherit;\">La musicoth\u00e9rapie est une forme de th\u00e9rapie qui utilise la musique\ncomme un moyen de soigner ou de r\u00e9pondre \u00e0 une probl\u00e9matique\ndonn\u00e9e. Parce qu'elle atteint les individus \u00ab au cour d'eux-m\u00eames \u00bb, la\nmusique constitue un moyen d'expression privil\u00e9gi\u00e9, qui permet \u00e0\nl'individu de \u00ab faire sortir \u00bb ses souffrances et ses \u00e9motions. Ainsi, en\nmusicoth\u00e9rapie, les sons et les rythmes deviennent des instruments pour\naugmenter sa cr\u00e9ativit\u00e9, reprendre contact avec soi et traiter divers\nprobl\u00e8mes de sant\u00e9. En tant qu'outil de croissance personnelle, la\nmusique permet d'accro\u00eetre son dynamisme ainsi que d'am\u00e9liorer ses\ncapacit\u00e9s cognitives (attention, m\u00e9moire), psychomotrices (agilit\u00e9,\ncoordination, mobilit\u00e9) et socio-affectives. Bien que la musicoth\u00e9rapie ait\n\u00e9t\u00e9 r\u00e9serv\u00e9e, \u00e0 ses d\u00e9buts, \u00e0 la psychoth\u00e9rapie, ses vis\u00e9es\nth\u00e9rapeutiques se sont depuis beaucoup \u00e9largies.<\/span><\/p><\/div><\/div><\/div>\n\t\t<\/div>\n\t\t\n\t\t\t\t<\/div>\n\t\t\t\t<\/div>\n\t\t\t\t<div class=\"elementor-element elementor-element-9eece64 elementor-widget elementor-widget-cz_stylish_list\" data-id=\"9eece64\" data-element_type=\"widget\" data-widget_type=\"cz_stylish_list.default\">\n\t\t\t\t<div class=\"elementor-widget-container\">\n\t\t\t<ul class=\"cz_stylish_list clr cz_sl_icon_hover_blur\"><li class=\"elementor-repeater-item-11e7155 clr\"><div class=\"cz_sl_icon\"><i class=\"mr10 fa czico-074-tick-inside-circle\"><\/i><\/div><div><span>Th\u00e9\u00e2tre th\u00e9rapie <\/span><\/div><\/li><\/ul>\t\t<\/div>\n\t\t\t\t<\/div>\n\t\t\t\t<div class=\"elementor-element elementor-element-5c0bc3a elementor-widget elementor-widget-cz_stylish_list\" data-id=\"5c0bc3a\" data-element_type=\"widget\" data-widget_type=\"cz_stylish_list.default\">\n\t\t\t\t<div class=\"elementor-widget-container\">\n\t\t\t<ul class=\"cz_stylish_list clr cz_sl_icon_hover_blur\"><li class=\"elementor-repeater-item-11e7155 clr\"><div class=\"cz_sl_icon\"><i class=\"mr10 fa czico-074-tick-inside-circle\"><\/i><\/div><div><span>Conte th\u00e9rapie<\/span><\/div><\/li><\/ul>\t\t<\/div>\n\t\t\t\t<\/div>\n\t\t\t\t\t<\/div>\n\t\t<\/div>\n\t\t\t\t\t<\/div>\n\t\t<\/section>\n\t\t\t\t<\/div>\n\t\t","protected":false},"excerpt":{"rendered":"<p>Th\u00e9rapie aristique Art plastique L&#8217;art th\u00e9rapie plastique est une m\u00e9thode psychologique &#8230; <\/p>\n","protected":false},"author":2,"featured_media":0,"parent":0,"menu_order":0,"comment_status":"closed","ping_status":"closed","template":"","meta":{"footnotes":""},"_links":{"self":[{"href":"https:\/\/ashms.net\/index.php?rest_route=\/wp\/v2\/pages\/3100"}],"collection":[{"href":"https:\/\/ashms.net\/index.php?rest_route=\/wp\/v2\/pages"}],"about":[{"href":"https:\/\/ashms.net\/index.php?rest_route=\/wp\/v2\/types\/page"}],"author":[{"embeddable":true,"href":"https:\/\/ashms.net\/index.php?rest_route=\/wp\/v2\/users\/2"}],"replies":[{"embeddable":true,"href":"https:\/\/ashms.net\/index.php?rest_route=%2Fwp%2Fv2%2Fcomments&post=3100"}],"version-history":[{"count":10,"href":"https:\/\/ashms.net\/index.php?rest_route=\/wp\/v2\/pages\/3100\/revisions"}],"predecessor-version":[{"id":3255,"href":"https:\/\/ashms.net\/index.php?rest_route=\/wp\/v2\/pages\/3100\/revisions\/3255"}],"wp:attachment":[{"href":"https:\/\/ashms.net\/index.php?rest_route=%2Fwp%2Fv2%2Fmedia&parent=3100"}],"curies":[{"name":"wp","href":"https:\/\/api.w.org\/{rel}","templated":true}]}}