{"id":3080,"date":"2023-01-16T14:43:06","date_gmt":"2023-01-16T14:43:06","guid":{"rendered":"http:\/\/ashms.tn\/?page_id=3080"},"modified":"2025-07-28T09:09:02","modified_gmt":"2025-07-28T09:09:02","slug":"cellule-medicale","status":"publish","type":"page","link":"https:\/\/ashms.net\/?page_id=3080","title":{"rendered":"Cellule m\u00e9dicale"},"content":{"rendered":"\t\t<div data-elementor-type=\"wp-page\" data-elementor-id=\"3080\" class=\"elementor elementor-3080\">\n\t\t\t\t\t\t<section class=\"elementor-section elementor-top-section elementor-element elementor-element-a5b65dc elementor-section-boxed elementor-section-height-default elementor-section-height-default elementor-invisible\" data-id=\"a5b65dc\" data-element_type=\"section\" data-settings=\"{&quot;animation&quot;:&quot;fadeInLeft&quot;}\">\n\t\t\t\t\t\t<div class=\"elementor-container elementor-column-gap-default\">\n\t\t\t\t\t<div class=\"elementor-column elementor-col-100 elementor-top-column elementor-element elementor-element-fb1daef\" data-id=\"fb1daef\" data-element_type=\"column\">\n\t\t\t<div class=\"elementor-widget-wrap elementor-element-populated\">\n\t\t\t\t\t\t<div class=\"elementor-element elementor-element-3894eed elementor-widget elementor-widget-cz_title\" data-id=\"3894eed\" data-element_type=\"widget\" data-widget_type=\"cz_title.default\">\n\t\t\t\t<div class=\"elementor-widget-container\">\n\t\t\t\t\n\t\t<div>\n\t\t\t<div class=\"cz_title clr cz_mobile_text_center cz_title_pos_center\"><div class=\"cz_title_content\"><div class=\"cz_wpe_content\"><p><strong><span style=\"font-size: 22px; color: #002699;\">Cellule m\u00e9dicale\u00a0<\/span><\/strong><\/p><\/div><\/div><\/div>\n\t\t<\/div>\n\t\t\n\t\t\t\t<\/div>\n\t\t\t\t<\/div>\n\t\t\t\t<div class=\"elementor-element elementor-element-6181650 elementor-widget elementor-widget-cz_title\" data-id=\"6181650\" data-element_type=\"widget\" data-widget_type=\"cz_title.default\">\n\t\t\t\t<div class=\"elementor-widget-container\">\n\t\t\t\t\n\t\t<div>\n\t\t\t<div class=\"cz_title clr cz_mobile_text_center cz_title_pos_inline\"><div class=\"cz_title_content\"><div class=\"cz_wpe_content\"><p style=\"font-size: 17px;\" align=\"justify\"><span style=\"vertical-align: inherit;\">Regroupe plusieurs interventions m\u00e9dicales :<\/span><\/p><\/div><\/div><\/div>\n\t\t<\/div>\n\t\t\n\t\t\t\t<\/div>\n\t\t\t\t<\/div>\n\t\t\t\t<section class=\"elementor-section elementor-inner-section elementor-element elementor-element-4bb921c elementor-section-boxed elementor-section-height-default elementor-section-height-default\" data-id=\"4bb921c\" data-element_type=\"section\">\n\t\t\t\t\t\t<div class=\"elementor-container elementor-column-gap-default\">\n\t\t\t\t\t<div class=\"elementor-column elementor-col-50 elementor-inner-column elementor-element elementor-element-c8ec2e9\" data-id=\"c8ec2e9\" data-element_type=\"column\">\n\t\t\t<div class=\"elementor-widget-wrap elementor-element-populated\">\n\t\t\t\t\t\t<div class=\"elementor-element elementor-element-075c3b0 elementor-widget elementor-widget-cz_stylish_list\" data-id=\"075c3b0\" data-element_type=\"widget\" data-widget_type=\"cz_stylish_list.default\">\n\t\t\t\t<div class=\"elementor-widget-container\">\n\t\t\t<ul class=\"cz_stylish_list clr cz_sl_icon_hover_blur\"><li class=\"elementor-repeater-item-11e7155 clr\"><div class=\"cz_sl_icon\"><i class=\"mr10 fa czico-074-tick-inside-circle\"><\/i><\/div><div><span>Consultation en divers sp\u00e9cialit\u00e9 :<\/span><\/div><\/li><\/ul>\t\t<\/div>\n\t\t\t\t<\/div>\n\t\t\t\t<div class=\"elementor-element elementor-element-3249605 elementor-widget elementor-widget-cz_stylish_list\" data-id=\"3249605\" data-element_type=\"widget\" data-widget_type=\"cz_stylish_list.default\">\n\t\t\t\t<div class=\"elementor-widget-container\">\n\t\t\t<ul class=\"cz_stylish_list clr cz_sl_icon_hover_zoom_in\"><li class=\"elementor-repeater-item-72539cd clr\"><div class=\"cz_sl_icon\"><i class=\"mr10 czi czico-102-checklist\"><\/i><\/div><div><span><strong><span style=\"font-size: 16px\">Medecine physique <\/span> <\/strong><\/span><\/div><\/li><li class=\"elementor-repeater-item-a1f4794 clr\"><div class=\"cz_sl_icon\"><i class=\"mr10 czi czico-102-checklist\"><\/i><\/div><div><span><strong><span style=\"font-size: 16px\">Medecine n\u00e9onatale <\/span> <\/strong><\/span><\/div><\/li><li class=\"elementor-repeater-item-2d95c90 clr\"><div class=\"cz_sl_icon\"><i class=\"mr10 czi czico-102-checklist\"><\/i><\/div><div><span><strong><span style=\"font-size: 16px\">Medecine p\u00e9diatre <\/span> <\/strong><\/span><\/div><\/li><li class=\"elementor-repeater-item-fb98372 clr\"><div class=\"cz_sl_icon\"><i class=\"mr10 czi czico-102-checklist\"><\/i><\/div><div><span><strong><span style=\"font-size: 16px\">Medecine neurologie <\/span> <\/strong><\/span><\/div><\/li><li class=\"elementor-repeater-item-3319888 clr\"><div class=\"cz_sl_icon\"><i class=\"mr10 czi czico-102-checklist\"><\/i><\/div><div><span><strong><span style=\"font-size: 16px\">Medecine orthop\u00e9dique <\/span> <\/strong><\/span><\/div><\/li><li class=\"elementor-repeater-item-28d3ed9 clr\"><div class=\"cz_sl_icon\"><i class=\"mr10 czi czico-102-checklist\"><\/i><\/div><div><span><strong><span style=\"font-size: 16px\">Medecine Oto-Rhino-Laryngologie <\/span> <\/strong><\/span><\/div><\/li><li class=\"elementor-repeater-item-623a6b2 clr\"><div class=\"cz_sl_icon\"><i class=\"mr10 czi czico-102-checklist\"><\/i><\/div><div><span><strong><span style=\"font-size: 16px\">Medecine dermato <\/span> <\/strong><\/span><\/div><\/li><li class=\"elementor-repeater-item-47b11b8 clr\"><div class=\"cz_sl_icon\"><i class=\"mr10 czi czico-102-checklist\"><\/i><\/div><div><span><strong><span style=\"font-size: 16px\">Medecine cardiaux <\/span> <\/strong><\/span><\/div><\/li><li class=\"elementor-repeater-item-71bf7b7 clr\"><div class=\"cz_sl_icon\"><i class=\"mr10 czi czico-102-checklist\"><\/i><\/div><div><span><strong><span style=\"font-size: 16px\">Medecine p\u00e9dopsychiatre <\/span> <\/strong><\/span><\/div><\/li><li class=\"elementor-repeater-item-e68e9f6 clr\"><div class=\"cz_sl_icon\"><i class=\"mr10 czi czico-102-checklist\"><\/i><\/div><div><span><strong><span style=\"font-size: 16px\">Medecine psychiatre <\/span> <\/strong><\/span><\/div><\/li><\/ul>\t\t<\/div>\n\t\t\t\t<\/div>\n\t\t\t\t<div class=\"elementor-element elementor-element-2891496 elementor-widget elementor-widget-cz_stylish_list\" data-id=\"2891496\" data-element_type=\"widget\" data-widget_type=\"cz_stylish_list.default\">\n\t\t\t\t<div class=\"elementor-widget-container\">\n\t\t\t<ul class=\"cz_stylish_list clr cz_sl_icon_hover_blur\"><li class=\"elementor-repeater-item-11e7155 clr\"><div class=\"cz_sl_icon\"><i class=\"mr10 fa czico-074-tick-inside-circle\"><\/i><\/div><div><span>Staff m\u00e9dical<\/span><\/div><\/li><\/ul>\t\t<\/div>\n\t\t\t\t<\/div>\n\t\t\t\t<div class=\"elementor-element elementor-element-09b0d91 elementor-widget elementor-widget-cz_title\" data-id=\"09b0d91\" data-element_type=\"widget\" data-widget_type=\"cz_title.default\">\n\t\t\t\t<div class=\"elementor-widget-container\">\n\t\t\t\t\n\t\t<div>\n\t\t\t<div class=\"cz_title clr cz_mobile_text_center cz_title_pos_inline\"><div class=\"cz_title_content\"><div class=\"cz_wpe_content\"><p style=\"font-size: 17px;\" align=\"justify\"><span style=\"vertical-align: inherit;\">pour d\u00e9terminer ces besoins.<\/div><\/div><\/div>\n\t\t<\/div>\n\t\t\n\t\t\t\t<\/div>\n\t\t\t\t<\/div>\n\t\t\t\t\t<\/div>\n\t\t<\/div>\n\t\t\t\t<div class=\"elementor-column elementor-col-50 elementor-inner-column elementor-element elementor-element-e468ae7\" data-id=\"e468ae7\" data-element_type=\"column\">\n\t\t\t<div class=\"elementor-widget-wrap elementor-element-populated\">\n\t\t\t\t\t\t<div class=\"elementor-element elementor-element-8f2d4e1 elementor-widget elementor-widget-cz_stylish_list\" data-id=\"8f2d4e1\" data-element_type=\"widget\" data-widget_type=\"cz_stylish_list.default\">\n\t\t\t\t<div class=\"elementor-widget-container\">\n\t\t\t<ul class=\"cz_stylish_list clr cz_sl_icon_hover_blur\"><li class=\"elementor-repeater-item-11e7155 clr\"><div class=\"cz_sl_icon\"><i class=\"mr10 fa czico-074-tick-inside-circle\"><\/i><\/div><div><span>Orientation <\/span><\/div><\/li><\/ul>\t\t<\/div>\n\t\t\t\t<\/div>\n\t\t\t\t<div class=\"elementor-element elementor-element-11df9ee elementor-widget elementor-widget-cz_stylish_list\" data-id=\"11df9ee\" data-element_type=\"widget\" data-widget_type=\"cz_stylish_list.default\">\n\t\t\t\t<div class=\"elementor-widget-container\">\n\t\t\t<ul class=\"cz_stylish_list clr cz_sl_icon_hover_zoom_in\"><li class=\"elementor-repeater-item-d9eff18 clr\"><div class=\"cz_sl_icon\"><i class=\"mr10 czi czico-102-checklist\"><\/i><\/div><div><span><strong><span style=\"font-size: 16px; \">M\u00e9dicale : <\/span><\/strong>vers les services de l'h\u00f4pital u clinique...<\/span><\/div><\/li><li class=\"elementor-repeater-item-3303788 clr\"><div class=\"cz_sl_icon\"><i class=\"mr10 czi czico-102-checklist\"><\/i><\/div><div><span><strong><span style=\"font-size: 16px; \">Social : <\/span><\/strong>les unit\u00e9s de promotions sociales \/ caisse nationale de s\u00e9curit\u00e9 social...<\/span><\/div><\/li><li class=\"elementor-repeater-item-5504303 clr\"><div class=\"cz_sl_icon\"><i class=\"mr10 czi czico-102-checklist\"><\/i><\/div><div><span><strong><span style=\"font-size: 16px; \">Scolaire : <\/span><\/strong>m\u00e9decine scolaire, unit\u00e9 r\u00e9gionale de r\u00e9habilitation , autres associations.<\/span><\/div><\/li><li class=\"elementor-repeater-item-d40e998 clr\"><div class=\"cz_sl_icon\"><i class=\"mr10 czi czico-102-checklist\"><\/i><\/div><div><span><strong><span style=\"font-size: 16px; \">Psychologique : <\/span><\/strong>selon les besoins rencontr\u00e9s par l'enfant ou l'adulte <\/span><\/div><\/li><\/ul>\t\t<\/div>\n\t\t\t\t<\/div>\n\t\t\t\t\t<\/div>\n\t\t<\/div>\n\t\t\t\t\t<\/div>\n\t\t<\/section>\n\t\t\t\t\t<\/div>\n\t\t<\/div>\n\t\t\t\t\t<\/div>\n\t\t<\/section>\n\t\t\t\t<\/div>\n\t\t","protected":false},"excerpt":{"rendered":"<p>Cellule m\u00e9dicale\u00a0 Regroupe plusieurs interventions m\u00e9dicales : Consultation en divers sp\u00e9cialit\u00e9 &#8230; <\/p>\n","protected":false},"author":2,"featured_media":0,"parent":0,"menu_order":0,"comment_status":"closed","ping_status":"closed","template":"","meta":{"footnotes":""},"_links":{"self":[{"href":"https:\/\/ashms.net\/index.php?rest_route=\/wp\/v2\/pages\/3080"}],"collection":[{"href":"https:\/\/ashms.net\/index.php?rest_route=\/wp\/v2\/pages"}],"about":[{"href":"https:\/\/ashms.net\/index.php?rest_route=\/wp\/v2\/types\/page"}],"author":[{"embeddable":true,"href":"https:\/\/ashms.net\/index.php?rest_route=\/wp\/v2\/users\/2"}],"replies":[{"embeddable":true,"href":"https:\/\/ashms.net\/index.php?rest_route=%2Fwp%2Fv2%2Fcomments&post=3080"}],"version-history":[{"count":19,"href":"https:\/\/ashms.net\/index.php?rest_route=\/wp\/v2\/pages\/3080\/revisions"}],"predecessor-version":[{"id":3326,"href":"https:\/\/ashms.net\/index.php?rest_route=\/wp\/v2\/pages\/3080\/revisions\/3326"}],"wp:attachment":[{"href":"https:\/\/ashms.net\/index.php?rest_route=%2Fwp%2Fv2%2Fmedia&parent=3080"}],"curies":[{"name":"wp","href":"https:\/\/api.w.org\/{rel}","templated":true}]}}