{"id":3076,"date":"2023-01-16T14:00:01","date_gmt":"2023-01-16T14:00:01","guid":{"rendered":"http:\/\/ashms.tn\/?page_id=3076"},"modified":"2025-07-28T09:16:34","modified_gmt":"2025-07-28T09:16:34","slug":"departement-de-sante","status":"publish","type":"page","link":"https:\/\/ashms.net\/?page_id=3076","title":{"rendered":"D\u00e9partement de sant\u00e9"},"content":{"rendered":"\t\t<div data-elementor-type=\"wp-page\" data-elementor-id=\"3076\" class=\"elementor elementor-3076\">\n\t\t\t\t\t\t<section class=\"elementor-section elementor-top-section elementor-element elementor-element-f6df362 elementor-section-boxed elementor-section-height-default elementor-section-height-default\" data-id=\"f6df362\" data-element_type=\"section\">\n\t\t\t\t\t\t<div class=\"elementor-container elementor-column-gap-default\">\n\t\t\t\t\t<div class=\"elementor-column elementor-col-100 elementor-top-column elementor-element elementor-element-98d7252 elementor-invisible\" data-id=\"98d7252\" data-element_type=\"column\" data-settings=\"{&quot;animation&quot;:&quot;fadeInLeft&quot;}\">\n\t\t\t<div class=\"elementor-widget-wrap elementor-element-populated\">\n\t\t\t\t\t\t<div class=\"elementor-element elementor-element-e3dab51 elementor-widget elementor-widget-cz_title\" data-id=\"e3dab51\" data-element_type=\"widget\" data-widget_type=\"cz_title.default\">\n\t\t\t\t<div class=\"elementor-widget-container\">\n\t\t\t\t\n\t\t<div>\n\t\t\t<div class=\"cz_title clr cz_mobile_text_center cz_title_pos_center\"><div class=\"cz_title_content\"><div class=\"cz_wpe_content\"><strong><span style=\"font-size: 22px; color: #002699;\">D\u00e9partement de sant\u00e9 <\/span><\/span><\/h3><\/div><\/div><\/div>\n\t\t<\/div>\n\t\t\n\t\t\t\t<\/div>\n\t\t\t\t<\/div>\n\t\t\t\t<div class=\"elementor-element elementor-element-12d6d8d elementor-widget elementor-widget-cz_title\" data-id=\"12d6d8d\" data-element_type=\"widget\" data-widget_type=\"cz_title.default\">\n\t\t\t\t<div class=\"elementor-widget-container\">\n\t\t\t\t\n\t\t<div>\n\t\t\t<div class=\"cz_title clr cz_mobile_text_center cz_title_pos_inline\"><div class=\"cz_title_content\"><div class=\"cz_wpe_content\"><p style=\"font-size: 17px;\" align=\"justify\"><span style=\"vertical-align: inherit;\">Le departement de sant\u00e9 \u00e0 pour objectifs l'am\u00e9lioration du bien etre de nos patient et il assure une prise encharge multidisplinaire : m\u00e9dicale et th\u00e9rapeutique.<\/span><\/p><\/div><\/div><\/div>\n\t\t<\/div>\n\t\t\n\t\t\t\t<\/div>\n\t\t\t\t<\/div>\n\t\t\t\t<div class=\"elementor-element elementor-element-f78203d elementor-widget elementor-widget-cz_stylish_list\" data-id=\"f78203d\" data-element_type=\"widget\" data-widget_type=\"cz_stylish_list.default\">\n\t\t\t\t<div class=\"elementor-widget-container\">\n\t\t\t<ul class=\"cz_stylish_list clr cz_sl_icon_hover_blur\"><li class=\"elementor-repeater-item-11e7155 clr\"><a href=\"http:\/\/ashms.net\/?page_id=3080\"><div class=\"cz_sl_icon\"><i class=\"mr10 fas fa-angle-right\"><\/i><\/div><div><span>Cellule m\u00e9dicale <\/span><\/div><\/a><\/li><li class=\"elementor-repeater-item-b207367 clr\"><a href=\"http:\/\/ashms.net\/?page_id=3091\"><div class=\"cz_sl_icon\"><i class=\"mr10 fas fa-angle-right\"><\/i><\/div><div><span>Cellule th\u00e9rapeutique <\/span><\/div><\/a><\/li><\/ul>\t\t<\/div>\n\t\t\t\t<\/div>\n\t\t\t\t\t<\/div>\n\t\t<\/div>\n\t\t\t\t\t<\/div>\n\t\t<\/section>\n\t\t\t\t<\/div>\n\t\t","protected":false},"excerpt":{"rendered":"<p>D\u00e9partement de sant\u00e9 Le departement de sant\u00e9 \u00e0 pour objectifs l&#8217;am\u00e9lioration &#8230; <\/p>\n","protected":false},"author":2,"featured_media":0,"parent":0,"menu_order":0,"comment_status":"closed","ping_status":"closed","template":"","meta":{"footnotes":""},"_links":{"self":[{"href":"https:\/\/ashms.net\/index.php?rest_route=\/wp\/v2\/pages\/3076"}],"collection":[{"href":"https:\/\/ashms.net\/index.php?rest_route=\/wp\/v2\/pages"}],"about":[{"href":"https:\/\/ashms.net\/index.php?rest_route=\/wp\/v2\/types\/page"}],"author":[{"embeddable":true,"href":"https:\/\/ashms.net\/index.php?rest_route=\/wp\/v2\/users\/2"}],"replies":[{"embeddable":true,"href":"https:\/\/ashms.net\/index.php?rest_route=%2Fwp%2Fv2%2Fcomments&post=3076"}],"version-history":[{"count":13,"href":"https:\/\/ashms.net\/index.php?rest_route=\/wp\/v2\/pages\/3076\/revisions"}],"predecessor-version":[{"id":3332,"href":"https:\/\/ashms.net\/index.php?rest_route=\/wp\/v2\/pages\/3076\/revisions\/3332"}],"wp:attachment":[{"href":"https:\/\/ashms.net\/index.php?rest_route=%2Fwp%2Fv2%2Fmedia&parent=3076"}],"curies":[{"name":"wp","href":"https:\/\/api.w.org\/{rel}","templated":true}]}}